Let w be d - (-16)/(-4)*1/(-2). Suppose -w*f + 5 = -99. Calculate the remainder when f is divided by 9.
8
Suppose -388*b + 220206 = -120*b + 75*b. Calculate the remainder when b is divided by 29.
4
Let m(x) = 4*x**2 + 11*x - 6*x**2 + 4*x**2 - 3*x**2 + 12*x + 33. Calculate the remainder when m(13) is divided by 80.
3
Suppose -31*a + 32*a = -3*n + 80, -5*a - 4*n = -433. What is the remainder when 215 is divided by a?
37
Let x = -246 + 251. Let z = 41 - -26. Suppose -x*d + z = -3*l, -l - 13 - 56 = -5*d. Calculate the remainder when 24 is divided by d.
10
Suppose 5*s - 235 = -5*k, 32*k - 30*k + 4*s - 86 = 0. What is the remainder when 4077 is divided by k?
48
Suppose 5*p + 388 - 466 = -3*n, 3*p - 22 = -n. What is the remainder when 201 is divided by n?
15
Suppose 432 = 80*q - 77*q. Suppose -4*t + q = -416. Calculate the remainder when t is divided by 36.
32
Suppose -4*n = -91 + 211. Suppose -2*z = 2*z - 48. Calculate the remainder when (-20)/n*((-267)/(-6) + 2) is divided by z.
7
Let n(r) = 36*r + 32. Let b be (-56)/(-35) + 5 + 2/5. What is the remainder when n(b) is divided by 13?
11
Let t be 0 - (-17)/((-102)/2772). Let p = t - -481. Calculate the remainder when 21 is divided by p.
2
Suppose 4*q + 4*u = 5*u + 146, -78 = -2*q + 3*u. Calculate the remainder when 99 is divided by q.
27
Suppose 2*w + 2750 = 3*w + 2*s, 3*w - 3*s - 8241 = 0. Calculate the remainder when w is divided by 64.
60
Suppose 2*n = 5*s - 1701, s + 319*n - 336 = 320*n. What is the remainder when s is divided by 343?
0
Let k(l) = 4*l**2 + l - 4. Let p be k(-2). Let t(z) = -p*z + 4*z - 2 - z. Calculate the remainder when t(-12) is divided by 28.
26
Suppose 9*j + 4*j - 156 = 0. Suppose -24*z + 30*z = j. Calculate the remainder when 13 is divided by z.
1
Let p = -2701 + 2827. What is the remainder when p is divided by 26?
22
Let q(k) = k**2 - 12*k - 28. Let n be q(14). Suppose 2*h - j = 93, n = -3*h + 4*h + 2*j - 59. What is the remainder when (-1 + 0 + -144)/(-1) is divided by h?
47
Let u(s) = 160*s - 1549. Calculate the remainder when 655 is divided by u(10).
43
What is the remainder when 2/12*(-22 + 25) - 6226/(-4) is divided by 26?
23
Suppose 2*p + 2*p + 12 = -4*v, 3*p = -2*v - 12. What is the remainder when 105 is divided by p/(12/(-10)) - -17?
17
Let x = -5 + -61. Let g be 271/(-5) + (-620)/775. Let t = g - x. What is the remainder when t is divided by 2?
1
Suppose 5*h = -2*k - 7, 4*k + 2*h + 4 = 14. Suppose -73 = -3*n + k*f - 35, -f + 57 = 4*n. What is the remainder when n is divided by 5?
4
Suppose -s = -10*s - s. What is the remainder when 48 - (20/4 + s) is divided by 29?
14
Let q be (-2)/(0 - 6/63). Suppose q = -5*g - 9. What is the remainder when 86 is divided by 3/g*(2 + -2) + 29?
28
Let m = 5 - 4. Suppose 3*c = -x + m + 106, c - 25 = 5*x. Suppose 106*i - 103*i = 7*h - 463, -339 = -5*h - 2*i. Calculate the remainder when h is divided by c.
32
Suppose -36*v - 222428 = -53*v. What is the remainder when v is divided by 9?
7
Calculate the remainder when 91 is divided by (-1)/2 - (-795)/(-477)*(-90)/4.
17
Let j(c) = -c**3 + 63*c**2 + 60*c + 285. Calculate the remainder when 1*(84/1)/1 is divided by j(64).
26
Let m = -16 - -28. Let a be (0 - 1)/(39/(-780)). What is the remainder when (-3)/((-24)/a)*(16 - 2) is divided by m?
11
Suppose 0 = 94*f + 2626 - 14752. What is the remainder when 385 is divided by f?
127
Let x = -19594 + 19609. What is the remainder when 3687 is divided by x?
12
What is the remainder when (-6564*(-27)/(-162))/(-1*1) is divided by 12?
2
Let n(g) be the first derivative of g**4/6 + g**2/2 - 33*g + 13. Let k(f) be the first derivative of n(f). Calculate the remainder when k(6) is divided by 38.
35
Calculate the remainder when 65 is divided by 4 + 24*(54/(-180))/((-3)/5).
1
Let x be (-3)/(-3)*(17 - (3 + 0)). Let u(r) = -r**2 - 7*r. Let n be u(-5). Suppose 0 = -x*j - n + 290. What is the remainder when 30 is divided by j?
10
Suppose 1549*y - 778*y + 10032 = 847*y. Calculate the remainder when y is divided by 3 + 171/(-1 - -4).
12
Let u = -4107 + 4129. Calculate the remainder when 1120 is divided by u.
20
Let o(r) = 3*r**3 - 3*r**2 - 13*r - 38. Calculate the remainder when o(7) is divided by 12.
9
Let j = -4270 - -4486. Calculate the remainder when j is divided by 66.
18
Let p(t) = 418*t - 7754. What is the remainder when 1238 is divided by p(20)?
26
Let a be (-9)/(-24) - 14058/(-144). Let t = 115 - a. Calculate the remainder when 24 is divided by t.
7
Suppose 0 = 42*g - 555 - 537. What is the remainder when 433 is divided by g?
17
Suppose -129*v - 903 + 19765 + 37382 = 0. What is the remainder when v is divided by 11?
7
Suppose -4*h + 5 + 7 = 0. Suppose 0 = 2*a - c + 1, -h*c + 7 = -5*a + 2. Suppose -3 = -3*q + a*q, 4*y - 2*q = 22. Calculate the remainder when y is divided by 4.
3
Let n = 48 + -51. Let d(q) = -2*q**3 + q**2 - 4*q - 23. Calculate the remainder when d(n) is divided by 26.
0
Suppose 0 = a + 7, -5*g + a = 155 - 507. What is the remainder when 260 is divided by g?
53
Let u be ((4/(-6))/1)/(14/105). Let q(g) = -23*g - 7. Calculate the remainder when q(u) is divided by 29.
21
Let m(i) = 3*i**2 + 259*i - 107. What is the remainder when 1921 is divided by m(-87)?
45
Let x(z) = z**3 + z + 12. Suppose -13*y + 8*y = -20. Suppose y*a + v - 108 - 20 = 0, 2*a - 5*v = 86. What is the remainder when a is divided by x(0)?
9
Suppose -60*l - 72*l - 30*l = -196182. Calculate the remainder when l is divided by 82.
63
What is the remainder when ((-157740)/9)/(-4) - ((-175)/21 - -8) is divided by 107?
102
Suppose q - 7*q = -1338. Let z = -9369 - -9447. What is the remainder when q is divided by z?
67
Let t be 12/(-20)*-265*149/3. Let d = t + -5600. Calculate the remainder when d is divided by 20.
17
Let g(d) = d**3 - 54*d**2 + 445*d - 23. Calculate the remainder when 2943 is divided by g(44).
185
Suppose 4*c - 977 = -f, 2*c = -0*c - f + 491. Suppose 0 = -2*d + 5*g + 36, -d + 6*d - 61 = -2*g. Calculate the remainder when c is divided by d.
9
Let d(y) = 3*y**3 - 3*y**2 + 2*y - 5. Let w be d(2). Calculate the remainder when 88 is divided by (-1*(4 - w))/(2/2).
4
Let l(u) = -6*u**3 - 4*u**2 + 21*u - 2. What is the remainder when l(-3) is divided by 53?
8
Suppose 0 = 11*o - 4*o - 42. Suppose 3*g + 4*z = o*g - 373, 3*g = -4*z + 413. Let v = -92 + g. What is the remainder when 194 is divided by v?
38
Let g(a) = -a**2 - 88*a - 1291. What is the remainder when 490 is divided by g(-19)?
10
Let h(v) = 777*v - 74. Let g be h(2). Suppose -5*m + g + 1625 = 0. What is the remainder when m is divided by 48?
45
Suppose -24*a = -21*a - 114. Suppose -4*q + 2*v = -205 - 247, 4*v - 95 = -q. What is the remainder when q is divided by a?
35
Suppose -2*j = -4*j - 4*k + 104, 0 = -2*j + 3*k + 97. Suppose 4*z = 5*i + 176 + 817, -i = -z + 248. What is the remainder when z is divided by j?
47
Let o(w) = -3*w**3 + 2*w**2 + 47*w + 43. Let s = -1 - -5. What is the remainder when (-2)/(-4) - (-502)/s is divided by o(0)?
40
Let g(j) = -j + 17. Let p be g(18). Let u be -3*(-112)/(-24) - (p - 1). Calculate the remainder when 65 + (-3)/(9/u) is divided by 19.
12
Suppose 8 = -j + 2*c, -4*j = 14*c - 19*c + 20. Suppose -4*u = j, 5*i + u = -3*u + 445. What is the remainder when i is divided by 45?
44
Suppose 0 = -395*n + 400*n + 45. What is the remainder when n/(63/(-385)) - 2 is divided by 18?
17
Let i(a) = 3. Let z(r) = -9*r - 133. Let g(x) = -5*i(x) + z(x). What is the remainder when 375 is divided by g(-18)?
11
Let a be (-7856)/(-14) - (1455/(-105) + 14). Let t = a + -520. Calculate the remainder when 113 is divided by t.
31
Let d(v) = v**2 + 27*v - 144. Calculate the remainder when 550 is divided by d(-33).
10
Let m = 73 - 72. Calculate the remainder when (m + 15/12)/((-6)/(-40)) is divided by 8.
7
Suppose 7*i - 2*m + 588 = 3*i, -3*m + 586 = -4*i. Let s = -133 - i. Calculate the remainder when 56 is divided by s.
11
Suppose -41*g + 8736 + 17967 = 166*g. Calculate the remainder when 590 is divided by g.
74
Suppose -2736*a + 2697*a = -1833. Let p = -3 - -26. Calculate the remainder when a is divided by p.
1
Let p(n) = -6*n**3 + 5*n**2 + 3*n - 4. Let x be (-4)/4*20/10. Calculate the remainder when 635 is divided by p(x).
55
Let v(d) = -2*d**2 - 19*d - 20. Suppose -2*x = -64 + 80. Let h be v(x). Sup